{"id":32,"date":"2016-09-15T12:25:37","date_gmt":"2016-09-15T10:25:37","guid":{"rendered":"http:\/\/ns328511.ip-37-187-114.eu\/agatwp\/?page_id=32"},"modified":"2025-04-13T19:16:08","modified_gmt":"2025-04-13T17:16:08","slug":"contactez-nous","status":"publish","type":"page","link":"https:\/\/www.agat-turner.org\/?page_id=32","title":{"rendered":"Prendre contact"},"content":{"rendered":"<h1 style=\"text-align: center;\">Prenez contact avec AGAT<\/h1>\n<p>Vous souhaitez \u00e9changer pour vous ou pour votre enfant, participer \u00e0 nos activit\u00e9s et rencontrer des familles concern\u00e9es par le syndrome ? N&rsquo;h\u00e9sitez pas \u00e0 nous rejoindre.<\/p>\n<p style=\"text-align: center;\"><strong>Par Courrier<\/strong><br \/>AGAT<br \/>Chez Melle ALLARD Sandra<br \/>5 rue du Jeu de Paume<br \/>28 000 CHARTRES<\/p>\n<p style=\"text-align: center;\"><strong>Par t\u00e9l\u00e9phone<\/strong><br \/>06 38 88 58 98<\/p>\n<p style=\"text-align: center;\"><strong>Par email<\/strong><br \/>contact@agat-turner.org<\/p>\n<hr \/>\n<p>Vous pouvez \u00e9galement contacter votre <a href=\"https:\/\/www.agat-turner.org\/?page_id=53\">d\u00e9l\u00e9gu\u00e9(e) r\u00e9gionale<\/a> pour avoir un contact proche de vous !<\/p>\n<p>Mme Mallieu-Lassus Maryl\u00e8ne<br \/>Pr\u00e9sidente honoraire.<br \/>Par t\u00e9l\u00e9phone au : 06 87 55 90 56<\/p>\n\n\n<p><\/p>\n","protected":false},"excerpt":{"rendered":"<p>Prenez contact avec AGAT Vous souhaitez \u00e9changer pour vous ou pour votre enfant, participer \u00e0 nos activit\u00e9s et rencontrer des familles concern\u00e9es par le syndrome ? N&rsquo;h\u00e9sitez pas \u00e0 nous &hellip; <a href=\"https:\/\/www.agat-turner.org\/?page_id=32\" class=\"more-link\">Continuer la lecture<span class=\"screen-reader-text\"> de &laquo;&nbsp;Prendre contact&nbsp;&raquo;<\/span><\/a><\/p>\n","protected":false},"author":1,"featured_media":0,"parent":0,"menu_order":20,"comment_status":"closed","ping_status":"closed","template":"","meta":{"footnotes":""},"class_list":["post-32","page","type-page","status-publish","hentry"],"_links":{"self":[{"href":"https:\/\/www.agat-turner.org\/index.php?rest_route=\/wp\/v2\/pages\/32","targetHints":{"allow":["GET"]}}],"collection":[{"href":"https:\/\/www.agat-turner.org\/index.php?rest_route=\/wp\/v2\/pages"}],"about":[{"href":"https:\/\/www.agat-turner.org\/index.php?rest_route=\/wp\/v2\/types\/page"}],"author":[{"embeddable":true,"href":"https:\/\/www.agat-turner.org\/index.php?rest_route=\/wp\/v2\/users\/1"}],"replies":[{"embeddable":true,"href":"https:\/\/www.agat-turner.org\/index.php?rest_route=%2Fwp%2Fv2%2Fcomments&post=32"}],"version-history":[{"count":23,"href":"https:\/\/www.agat-turner.org\/index.php?rest_route=\/wp\/v2\/pages\/32\/revisions"}],"predecessor-version":[{"id":1182,"href":"https:\/\/www.agat-turner.org\/index.php?rest_route=\/wp\/v2\/pages\/32\/revisions\/1182"}],"wp:attachment":[{"href":"https:\/\/www.agat-turner.org\/index.php?rest_route=%2Fwp%2Fv2%2Fmedia&parent=32"}],"curies":[{"name":"wp","href":"https:\/\/api.w.org\/{rel}","templated":true}]}}